- 11*l**2 + 3*l + 7. Let u(f) = -8*f**3 + 12*f**2 - 5*f - 7. Let s(j) = -7*n(j) - 6*u(j). Give s(6).
11
Let f be 0/(3 - -1 - 3). Let o(m) = m**2 + m - 1. Give o(f).
-1
Let v(j) = j**2 - j - 1. Suppose 0 = -2*h - 0*h + 4. Suppose -h*f + f = 0. Let p be (f + -1)/(0 + 1). Determine v(p).
1
Let r(z) = 0*z**2 - 5*z**2 - 2 + z**2 + z**3 - 2*z + 0*z**3. Calculate r(4).
-10
Suppose 0 = k + k - 3*t - 3, -5*k - t = 1. Suppose 0*x + 16 = x + u, -82 = -4*x + 5*u. Let j(l) = 8 + x*l + 23*l - l**2 - 40*l. Give j(k).
8
Let f be 2/(-8) + 5/4. Let m(y) = 0*y + 2*y + y**3 - 4*y**2 + 3 - f. Suppose 3*s + 0*s + 3 = -3*v, -s - 2*v = 5. Determine m(s).
-1
Let w(n) = -n. Let b(u) be the second derivative of u**3/6 - 5*u**2 + u. Let d be b(7). Let r be ((-8)/6 + 2)*d. Calculate w(r).
2
Let d(g) = -2*g + 2. Let f = 67 + -63. Determine d(f).
-6
Let a(z) = -3*z + 6 + 9*z**2 - 1 - 2 - 3*z**2. Determine a(2).
21
Let w(h) = 5*h**3 + 12*h**2 + h + 6. Let o(v) = -v**3 - v**2 - v - 1. Let j(r) = -6*o(r) - w(r). Determine j(5).
0
Suppose -2*i = i + 9, 2*w = 3*i + 21. Let k(y) = 7*y + 4 + 4*y**2 - 2*y**2 - 3*y**2. Calculate k(w).
10
Let a = -33 - -38. Let c(d) = -d**3 + 6*d**2 - 7*d + 6. What is c(a)?
-4
Let q be (-1)/(1/(2 + 2)). Let j = q + 11. Let u(o) = -1 - 11*o + 2 + j*o. Determine u(1).
-3
Let s(o) be the first derivative of 3 - 3/2*o**4 + 0*o**3 - 1/2*o**2 + o. Calculate s(1).
-6
Let l(d) = -2*d + 3. Let c = -3 + 9. Calculate l(c).
-9
Let u(s) = -2*s - 1. Let b be u(-4). Suppose b*r = 3*r - 8. Let f be (-10 - -3) + r/(-2). Let l(o) = -o**3 - 6*o**2 + o + 5. Determine l(f).
-1
Let k(i) = i + 3. Let z = -23 + 35. Suppose 10*t - z = 6*t. Give k(t).
6
Let f(p) = p**3 + 8*p**2 - 8*p + 4. Let w(x) = x**3 + 7*x**2 - 7*x + 4. Let i(n) = 2*f(n) - 3*w(n). Determine i(-6).
2
Let y(c) = 5*c**2 + 2*c - 1. Let s(x) = -4*x**2 - 2*x + 1. Let o = 12 - 9. Let m(l) = o*y(l) + 4*s(l). Calculate m(-2).
1
Let s be (2 - -4)*(-6)/(-9). Suppose s*k = -2 + 6. Let x(a) = -5*a + 1. Determine x(k).
-4
Let j(r) = -5*r**3 - r**2 + r. Let x = 10 + -2. Let z be (4/8)/(2/x). Let v be -2 + 2 + z/2. Calculate j(v).
-5
Let u(g) = -g**2 - 6*g + 4. Suppose 21 = 5*w - 8*w. Calculate u(w).
-3
Let y(x) be the third derivative of x**9/60480 + x**8/5040 + x**7/1008 + x**6/360 - x**5/30 - x**2. Let w(f) be the third derivative of y(f). Give w(-3).
-4
Let o(m) = m**3 + 6*m**2 - 5*m - 8. Let c(u) = u**3 + 6*u**2 - 4*u - 7. Let w(j) = 6*c(j) - 5*o(j). Determine w(-6).
-8
Let a(b) = -6*b**2 + 2*b. Let w(r) = 1. Suppose -s = -0*v + 2*v + 1, 3*s + v + 3 = 0. Let d(m) = s*w(m) + a(m). Let g = 8 + -7. Determine d(g).
-5
Let q be 2*(-1)/(-2)*0. Let c(x) = -x + 3*x**2 + q*x**2 + 6 + 0*x**2 - 4*x**2. Calculate c(0).
6
Let t = -14 + 20. Let d(u) = -3*u + 3. Give d(t).
-15
Suppose -h + 98 = -5*g + 13, 3*g = -5*h - 79. Let m be g/(-4) + 3/(-6). Let w(i) = 1 + 2*i + 0*i - i**2 - m*i. Determine w(1).
-2
Let z(n) = -n - 16. Suppose 0*g + 8*g + 88 = 0. What is z(g)?
-5
Let t(r) = -8*r**3 + 2*r**2 - r. Let a(h) = 7*h + 29. Let x be a(-4). What is t(x)?
-7
Let r(s) be the second derivative of -s**5/20 + 7*s**4/12 + 3*s**3/2 - 9*s**2/2 - 3*s. Give r(8).
-1
Let n be 54/(-45)*(-10)/4. Let t(l) = 2*l**2 + 12*l + 2. Let x(b) = -4 + b**2 + 6*b + 5 + 0. Let q(i) = n*t(i) - 7*x(i). Give q(-5).
4
Let z = 4 - 1. Suppose -4*u + 5 = -z. Let t(p) = 7*p**3 + p**2 - 11*p - 3. Let k(l) = -4*l**3 - l**2 + 6*l + 2. Let f(i) = 5*k(i) + 3*t(i). Determine f(u).
-5
Let s(x) = 3*x - 3. Suppose 0 = -3*i - 3*m + 24, 0*i + 32 = 5*i + m. Let b(g) = g - 4. Let j be b(i). Determine s(j).
3
Suppose -5*a + 3*p = -27, a + 3*a - 2*p = 20. Let i(t) = 1 - t + 2 - 3. Give i(a).
-3
Let b(y) = -y**3 - 4*y**2 + 4*y + 4. Let d = -37 - -11. Let r = d + 21. Give b(r).
9
Suppose -2*h + 11 = -b - 3, h - 12 = -2*b. Let w(n) = n - 7. Calculate w(h).
1
Suppose -n - 5*y + 56 = -4*n, -n = y + 8. Let q be 6/n + 3/2. Let f(c) = 3*c**3 + c. Calculate f(q).
4
Suppose y = -3 + 2. Let d = 3 + y. Let m(o) = -4*o**d + 3*o**3 - 6*o**3 + 4*o - 3 + 4*o**3. What is m(2)?
-3
Let a = 2 + 2. Let p(u) = 3 + 2*u + a*u - 3*u. Let i be 2/3*(-1 - 2). Calculate p(i).
-3
Let f(r) = 6*r**2 - 2*r - 1. Let g = 4 + -3. Suppose 0*b = b. Let c be g*(b - (3 + -2)). Give f(c).
7
Let p(f) = f**2 + 3*f - 3. Let k(c) = c**2 - 16*c + 58. Let a be k(9). What is p(a)?
7
Let p be (-1)/((4/2)/(-8)). Let o = 6 - p. Let d(z) = 5*z**2 - 2*z + 2. Let r(m) = 4*m**2 - 2*m + 1. Let w(i) = 3*d(i) - 4*r(i). Determine w(o).
2
Let k be (2/10 - 0) + (-21)/(-70). Let n(s) be the first derivative of -3 - 4*s + k*s**2. Determine n(-3).
-7
Let z(k) = -k - 1. Let l be (2/(-4))/(4/(-48)). Suppose 0*y + y = l. Give z(y).
-7
Let f(q) = q + 4. Let x = -1 + 0. Let a be (1 + 0)*-2*x. Suppose 0 = 4*l - a*c + 18, -l - 24 = 3*l + 4*c. Calculate f(l).
-1
Let u(t) = -9*t - 7*t**2 + 0*t - t**3 + 1 - 5. Suppose 2*i + 2*i + 20 = -z, -2*i = 4*z - 4. Determine u(i).
14
Let o(b) be the second derivative of b**3/3 - b**2/2 - b. Suppose -2*x + 50 = -0*k + 2*k, -152 = -5*k + 4*x. Suppose k = 2*c + 32. Determine o(c).
-5
Let d(f) = 2*f - 5. Let z be (-40)/(-15) - 4/6. Suppose -3*o + 30 = z*o. Give d(o).
7
Let c(h) = h - 7. Let m(d) be the third derivative of -d**6/120 + d**5/10 + 7*d**4/24 - 5*d**2. Let n be m(7). Determine c(n).
-7
Let m(b) = -5*b - 2. Let o be (0 + -2)*1 - 0/(-13). What is m(o)?
8
Let a(y) = y**3 + 3*y**2 + 3. Let k(v) = v**2 - 3. Let h = -10 - -10. Suppose 0 = -h*b - b. Let w be k(b). Determine a(w).
3
Let d(p) = -p**2 - 4*p - 2. Let l be d(-4). Let n be 1 - 0 - (-1 + l). Let t(v) = 2*v**2 + v - 1 + v**3 + 5 + n*v**2 + 5*v. Calculate t(-5).
-1
Let q(m) = -m**3 - 4*m**2 + 4*m - 7. Let p = -24 + 19. Determine q(p).
-2
Suppose m - 2*y = 2, -4 = m + 5*y + 1. Suppose m*k - 4*k = 20. Let w(a) = 2*a**2 + 6*a - 6. Determine w(k).
14
Let q(i) = -i**3 - 4*i**2 + 6*i + 7. Let o be 0 + -1 - (2 + 1 + 1). What is q(o)?
2
Let i = 3 + -1. Let j(r) = 3*r - 4*r - i - r. Suppose 3*z - 4*f = -2*f - 15, z = f - 6. What is j(z)?
4
Let a(h) = -h**2 + 9*h - 6. Let n be a(9). Let i(j) = j**3 + 6*j**2 - j. Give i(n).
6
Let g(h) = -2*h + 1. Suppose -5*d = -8*d + 9. What is g(d)?
-5
Let x be 1/(9/3)*33*1. Let s(t) = -t + 13. Give s(x).
2
Let i(m) be the third derivative of -5*m**4/24 - m**3/6 - 2*m**2. Calculate i(-2).
9
Suppose 0*i - i + 33 = -4*d, 10 = -5*d - 5*i. Let l(q) = -3*q - 9 - q + 2*q. Determine l(d).
5
Let t(l) = l**3 - 6*l**2 + 4*l. Let z be 30/4*14/21. Determine t(z).
-5
Let f(q) = q**3 - 5*q**2 - 7*q - 7. Let z(c) = 2*c - 2. Let o be z(4). Give f(o).
-13
Let x(m) = -1 + 11*m + 3*m + 2 - 13*m. Calculate x(0).
1
Suppose 3*x + 19 + 18 = -2*i, -54 = 4*x + 5*i. Let v(s) = s + 14. Determine v(x).
3
Let u(t) = t - 10. Let k(x) = -4*x + 8. Let r be k(0). Determine u(r).
-2
Let n be (-2 - 3)*((-24)/(-10))/4. Let u(q) = -q**2 + 2*q. Determine u(n).
-15
Let f(b) = 19*b**2 + b**3 - 24*b**2 - 6 - 2*b + 8*b**2 + 0*b**3. Give f(-4).
-14
Suppose -15 + 5 = -3*n - 4*m, -4*n + 3 = -5*m. Let s(f) = -2 - 5 - 3*f**3 + 4*f**3 + 5*f**n + 3 + 4*f. Let i be ((-4)/(-6) - 0)*-6. Give s(i).
-4
Let s(r) = -7*r - 1. Let t = 25 - 21. Let d = 1 - 1. Suppose d*b - 4*b = t. Determine s(b).
6
Let j(h) = -2*h**3 - h**2 - h - 1. Let d(v) = 6*v**3 - 4*v**2 - v - 4. Let o(w) = -d(w) + 3*j(w). What is o(1)?
-12
Let k(q) = -8*q**3 + q**2. Let o(m) = m**3 - 1. Let n(t) = -k(t) - o(t). Determine n(-1).
-7
Let k = -129 - -123. Let o(w) be the third derivative of -w**4/24 + 2*w**2. Determine o(k).
6
Let c(s) = -s**2 - s + 1. Let p(w) = w**3 - 10*w**2 + 9*w + 3. Let z be p(9). Let q = z + -5. Let l = 3 + q. What is c(l)?
-1
Let i be 3 + 1*(-3 - -2). Let n(l) = -8 - 4*l**2 - 7*l + 3*l**2 + i. Give n(-5).
4
Suppose 4*a = 2 - 10. Let m = a + -1. Let y(w) = w**3 + 2*w**2 - 5*w - 2. Give y(m).
4
Let n(x) be the first derivative of x**7/840 + x**6/120 - x**5/20 - x**4/24 - x**3/3 + 3. Let z(l) be the third derivative of n(l). Give z(-4).
7
Suppose 5*o + 1 = -3*r, -3*r = r - o - 14. Let s = r + -3. Let c(z) = 4*z + s*z - 5*z. Give c(3).
-3
Let c be (0 + -2)/2 - -1. Let u(w) be the third derivative of -w**4/24 - w**3/6 + 14*w**2 - 2*w. Calculate u(c).
-1
Suppose -3*a = -4 - 2. Let b(y) = -6 - y**a + 0 - 2*y - 4*y. Give b(-4).
2
Let p(y) be the first derivative of y**4/4 + 2*y**3 + 5*y**2/2 + 7*y - 